 List the prime factors of a.
2, 5, 7
Suppose 2*v + 4552 = 5*o - 4630, 4*o - 5*v - 7349 = 0. List the prime factors of o.
2, 3, 17
Suppose 0 = 4*n - 0*n - 12, 4*n = -3*z + 45. Let a(h) = z*h - 12*h**3 - h**3 + 11*h**3 + 13. What are the prime factors of a(-5)?
2, 13
Let w be (-1 + 0)/((-3)/6). Suppose -2*v = 4, -4*p = 4*v - 6 - w. Suppose -s + t = p*s - 1180, t = s - 236. What are the prime factors of s?
2, 59
Suppose -3*a + 5*x + 0*x - 799 = 0, -2 = 2*x. Let q = 1187 - a. List the prime factors of q.
3, 5, 97
Let a be (-2)/(-8) + 18/(-8). Let c be 0/(a*(-1)/(-1 - -3)). Suppose -12*z + c*z = -720. What are the prime factors of z?
2, 3, 5
Let f(d) = 14*d**3 + 6*d**2 + 48*d - 290. List the prime factors of f(7).
2, 3, 857
List the prime factors of (-104)/(-260) + 1264772/20.
11, 5749
What are the prime factors of (-874)/((2/(-8))/((-2250)/(-360)))?
2, 5, 19, 23
Let i(u) = 3*u + 41. Suppose -q - 7*q = -0*q. Suppose 84 = -q*m - 7*m. What are the prime factors of i(m)?
5
Let v be 115/5 - 0 - -2. Suppose 5*l = v*l - 1120. What are the prime factors of l?
2, 7
Let j(c) = -c - 24. Let s be j(-12). Let b be (4/s)/((-2)/30). Suppose b*u = 73 + 177. List the prime factors of u.
2, 5
Let p = -136 + 251. Let o = -115 + p. Suppose -3*b = -q - q - 128, o = b - 3*q - 45. What are the prime factors of b?
2, 3, 7
Suppose -7*o + 1867 + 1115 = 0. Let w = 1074 - o. What are the prime factors of w?
2, 3
Suppose -1 = -m - 1. Suppose -57*u + 56*u = m. Suppose u = 3*p - 172 - 332. What are the prime factors of p?
2, 3, 7
Let q(d) = -27*d + 171. Let o be q(6). Suppose 0 = -o*g - 7*g + 11536. What are the prime factors of g?
7, 103
Suppose 2*i - 588 - 360 = 0. Suppose 4*l - 472 = 2*u + 8*l, 2*u + i = -2*l. Let y = u - -355. What are the prime factors of y?
3, 13
Suppose -87*u + 288282 = -18*u. What are the prime factors of u?
2, 2089
Let f(t) = -t**3 - 2*t**2 - t - 7. Let y be f(-3). Let w(v) = 0*v + 2 + 5 - y*v. List the prime factors of w(-5).
2
Let i(d) = 200*d - 226. Let v be i(13). Let s = -1108 + v. What are the prime factors of s?
2, 3, 211
Suppose 4*i + 3*p - 79128 = 0, 2*p + 71188 = 3*i + 11842. What are the prime factors of i?
2, 3, 7, 157
Suppose -3*s - 10 = -4. Let f be 1142/12 - s/(-12). Let b = 141 - f. What are the prime factors of b?
2, 23
Suppose -5*v + 0*v = 4*s - 155, -5*v = 2*s - 85. Suppose s*o = 6034 + 1841. What are the prime factors of o?
3, 5
Suppose 2*z - t - 38 = 0, 0 = -0*z + 5*z + t - 88. Suppose 5*q = z - 8. Suppose 0 = 4*v + q*v - 582. What are the prime factors of v?
97
Let g = -14400 - -32685. What are the prime factors of g?
3, 5, 23, 53
Let q = -22661 - -35122. What are the prime factors of q?
17, 733
Let p(d) = 4*d - 18. Let b be p(8). Suppose 18*s + 24 = b*s. List the prime factors of (15*-8)/(s/4).
2, 5
Suppose 13*v - 8*v - 10 = 0. Let q(h) = -3*h - 17. Let f be q(-6). What are the prime factors of 86 + ((-4)/v - f)?
83
Suppose 0 = 5*g - 29*l - 45101, 36105 = 11*g - 7*g + l. What are the prime factors of g?
2, 4513
Let j = 2425 + -1730. Suppose 26*y + j = 31*y. Let a = y + -94. What are the prime factors of a?
3, 5
Suppose 91*t = -57*t - 37*t + 6628920. What are the prime factors of t?
2, 3, 1493
Suppose -3*c - 4*o + 692 = -1375, 0 = -o + 6. What are the prime factors of c?
3, 227
Let w = -833 - -1525. Let m = w - -53. What are the prime factors of m?
5, 149
Suppose 28*h - 78300 = 25*h. List the prime factors of (h/8)/5 + (-3)/6.
2, 163
Let m = -93 + 101. What are the prime factors of (m/(-10))/(8/(-4940))?
2, 13, 19
Let y = -204 - -204. Suppose b + 3 - 85 = y. List the prime factors of b.
2, 41
Let l(g) = 40*g**3 + 4*g**2 - 7*g + 44. What are the prime factors of l(6)?
2, 23, 191
Suppose -13*r + 2795 = -8*r. Let p = 118 + r. What are the prime factors of p?
677
Let i be 2/9 + 304/171. Suppose -5*o - 3*d = -i*o - 36, 5*o - 24 = 4*d. Let j(m) = -m**3 + 9*m**2 - m - 1. List the prime factors of j(o).
5, 11
Suppose -5*r + 3 = 5*f - 8*f, 3*r - 5 = f. List the prime factors of (-2 + r/6)*(-200)/6.
2, 5
Let b(n) = n**3 + 45*n**2 + 51*n - 22. Let l be b(-44). List the prime factors of 1*(l/(-77))/(3/42).
2, 3, 5
Let o(t) = -5*t - 160. Let h(q) = -2*q. Let y(u) = 6*h(u) - o(u). What are the prime factors of y(-31)?
13, 29
Let f(h) = -h - 3. Let x be f(9). Let t be 102/x + (-3)/6. What are the prime factors of (158/3)/((-6)/t)?
79
Let a be 4*623/112 - 2/8. Suppose 5*j + 20 = 0, -2301 = 17*q - a*q - j. List the prime factors of q.
461
What are the prime factors of 388*((-4)/(-14) - (-1955)/238)?
2, 17, 97
Let r(z) be the third derivative of 16*z**2 - 1/120*z**6 + 0*z - 1/24*z**4 + 0*z**5 + 2/3*z**3 + 0. What are the prime factors of r(0)?
2
Let q be 21/(-28) - 538/8. List the prime factors of (-11 + 19)/((-2)/q) - -2.
2, 137
Suppose -2*s + 5*u - 3562 = 0, -4*s + 3*s - 2*u = 1790. Let q be s + (-1)/(-2)*4. What are the prime factors of (-2 - -3)/(2/q*-4)?
223
Suppose 5*u - 3 = 6*u, -69 = 2*g - 5*u. Let p = g - -48. What are the prime factors of 3/p*-14*-4?
2, 7
Suppose 196*k - 268421 - 1087115 = 0. What are the prime factors of k?
2, 7, 13, 19
Let j be (4/(-14))/2 + (-87)/(-21). Let m be (3 - (-1)/(-1)) + j + 88. Let p = m + -14. List the prime factors of p.
2, 5
Let p(b) = 21*b**2 + 19*b + 67. Let r be p(-5). Let h = r + -172. List the prime factors of h.
5, 13
Suppose 4*c + 53 = -p, 20 = -2*c + 3*p - 3. Let r = c + 16. Suppose 116 = h - 0*h - 4*q, -r*q + 102 = h. List the prime factors of h.
2, 3
Let w be (-1)/(1/2*-2). Let p(o) be the first derivative of 7*o**2/2 - 3*o - 384. List the prime factors of p(w).
2
Suppose 7*a = 23*a - 46832. Let d = a + -1301. List the prime factors of d.
2, 3, 271
Suppose -2*k = 3*a - 178 - 535, -1776 = -5*k - a. What are the prime factors of ((-88)/8)/(-11) - (0 - k)?
2, 89
Suppose 20*w + 228 = w. Let u = 159 - w. What are the prime factors of u?
3, 19
Let l be (-792)/(-90)*10/4. Suppose 0 = l*k - 25*k + 1044. Let i = -174 + k. What are the prime factors of i?
2, 3, 29
Suppose 145872 = 3277*j - 3261*j. What are the prime factors of j?
3, 1013
Suppose 250422 = 35*n + 417. What are the prime factors of n?
3, 2381
Suppose 15273 = t + 2*t - 3*j, -2*t = -4*j - 10192. List the prime factors of t.
2, 2543
Suppose -3*m + 11*m = -15624. Let p = m - -2861. What are the prime factors of p?
2, 227
Let i = 19 + -13. Let o be (i/(-2))/(-2*6/4). List the prime factors of o*(6 - (-4 - -6)).
2
Let z(k) be the second derivative of -17*k**4/24 - 14*k**3/3 - 3*k**2/2 - 17*k. Let y(o) be the first derivative of z(o). List the prime factors of y(-8).
2, 3
Suppose 5*x = w - 16641, -22*w - 4*x = -21*w - 16578. List the prime factors of w.
2, 19, 23
Let l = 175 + -100. Let x = -66 + l. What are the prime factors of (-4)/(12/(-15)) + x?
2, 7
Let m(b) = -b**2 - 2*b + 6. Let j = 5 + -9. Let d be m(j). What are the prime factors of (-53)/(-1) - 2 - 0/d?
3, 17
Let a = 15712 + -13174. List the prime factors of a.
2, 3, 47
What are the prime factors of (9 - (4 + -1))*(58646/21 + -4)?
2, 47, 89
Suppose 8*c - 4*c - 12 = -4*j, 4*c + 3*j = 9. List the prime factors of 140 - (2 - c/(-3 + 0)).
2, 3, 23
Let y(u) be the first derivative of 3*u**2/2 + u - 274. Let n be -2 - (-2 - 8/2). List the prime factors of y(n).
13
Let h be (-15)/(-2 - 3) + 46. Let k = h - -39. List the prime factors of k.
2, 11
What are the prime factors of 7786/5 - 768/(-960)?
2, 19, 41
Let a = -1553 - -4043. What are the prime factors of a?
2, 3, 5, 83
Let a be -2 + -1 - (-15)/3. Let r(u) = -8*u + 20. Let w(m) = -17*m + 39. Let t(y) = a*w(y) - 5*r(y). List the prime factors of t(19).
2, 23
Suppose 2*x - 4 = -3*d, 5 = -4*d + 4*x + 37. Suppose -t = 4*c - 204, -d*c + 3*t + 196 = 2*t. List the prime factors of c.
2, 5
Let y(s) = 12*s - 11. Let v be y(2). Suppose v = -o + 9. Let q = o - -71. What are the prime factors of q?
67
Suppose -m - 4 = -3*g, -3*g + 2*m + 13 - 5 = 0. Suppose 2*u - 91 = -3*d + 142, 3*d - 9 = g. What are the prime factors of u?
2, 7
Let b(j) = 5*j - 13 + j**2 + 4*j - 21. Let t be b(18). Suppose -3*g = 5*u - 587, -4*u - g + 3*g = -t. List the prime factors of u.
5, 23
Suppose -4*w = 2*x - 63284, -x - 1134 = -w - 32776. List the prime factors of x.
2, 13, 1217
Suppose 6*x = 4*x + 4*l + 38, 4*x = 5*l + 64. Let p be x + -6 - 101*-1. List the prime factors of